 = 0, -2*j + 29 = 5*t. Suppose t*c - 4*c = 3, 5*x = -c + 211. What is the greatest common divisor of x and 6?
6
Suppose -3*d - 6 = 2*d - 4*w, 4 = w. Let s be d/4*(0 - -6). Calculate the highest common factor of s and 9.
3
Suppose d - 136 = -d. Let p = -42 + d. Calculate the greatest common divisor of 13 and p.
13
Suppose -6 = 3*j - 3*h, -j + 0*h - 3*h = -18. Suppose 5*u + 4*g - 68 = 0, -u - 3*u = 3*g - 54. Calculate the highest common factor of u and j.
3
Let x = -147 + 219. Calculate the highest common divisor of x and 24.
24
Let h(v) = v + 1. Let i be h(-1). Suppose i*t - 2*t + 266 = 0. Calculate the greatest common divisor of t and 19.
19
Suppose -n - 20 = 4*n. Let f(o) = o**2 - o - 5. Let t be f(n). What is the highest common divisor of 15 and t?
15
Suppose -6*s + 2*s = -124. Suppose -4*v + s = 3. Suppose -2*k = -k - v. What is the highest common divisor of k and 7?
7
Let o = -68 + 76. Calculate the highest common divisor of 88 and o.
8
Let a(l) be the first derivative of 1 + 3/2*l**2 - 9*l. Let b be a(9). Calculate the greatest common factor of b and 2.
2
Suppose 0 = 6*f - f - 110. What is the greatest common factor of f and 44?
22
Let y(k) = 72*k**2 - 2*k - 3. Let a(t) = 73*t**2 - 3*t - 4. Let g(z) = -3*a(z) + 4*y(z). Let q be g(1). Calculate the highest common factor of 14 and q.
14
Let t(d) = 2*d**2 - 7*d + 5. Let u be t(5). Suppose 0 = -5*q - 15 + 65. Calculate the highest common divisor of q and u.
10
Let o be (2 - 1) + (-352)/(-8). Let x = 205 - 134. Suppose -s - x = -3*m + 16, -3*m + 75 = -5*s. Calculate the greatest common divisor of m and o.
15
Let g = 1 + 1. Let n = g - -1. Suppose 0 = -n*q - x + 33 - 2, -4*q - 5*x = -56. What is the highest common divisor of q and 9?
9
Let c = 4 + -3. Suppose 9 - c = 4*g. Suppose -3*y + 69 = 4*b, g*b - 24 = y + y. What is the greatest common divisor of b and 3?
3
Suppose -4*y = -3*p - p - 8, 2*p = y - 3. Calculate the greatest common factor of 11 and y.
1
Suppose -2*b + 99 = 39. Suppose 2*i - b = -l - 2, 0 = -4*l + 4*i + 88. Calculate the highest common factor of 12 and l.
12
Let p be -2*159/12*-2. Suppose -5*m + p = -12. What is the highest common factor of 117 and m?
13
Let x(l) = -2*l + 6. Let o be x(8). Let b(w) = -3*w - 10. Let p be b(o). What is the greatest common factor of p and 160?
20
Let s be (-4)/(2 - 28/13). Let i(l) = 2*l**2 - l + 7. Let b be i(5). Calculate the greatest common factor of b and s.
26
Suppose 2*i = -3*l + 5, -3*l + 13 = -i - i. Suppose 7*r - 140 = l*r. Calculate the highest common divisor of 5 and r.
5
Let s(b) = 30*b + 1. Let x be s(3). Calculate the highest common divisor of 7 and x.
7
Let c be ((-10)/125*5)/(2/(-220)). Suppose 22 = -z + 3*z. Calculate the greatest common divisor of c and z.
11
Let j be 11/4 + 2/8. Suppose -2*w = -j - 1. Suppose w*g - 252 = -0*g. Calculate the greatest common factor of 14 and g.
14
Let i = 15 - -1. Let h = 64 - 60. What is the highest common factor of h and i?
4
Let i = 5 + -2. Suppose 0 = 2*x + i*x - 175. Let o = x - 15. What is the greatest common divisor of 10 and o?
10
Let h(k) = -k + 8. Let y be h(-12). Let l be (-2)/(-8) + 30/8. Calculate the greatest common factor of l and y.
4
Let r be (-14)/(-18) - (-6)/27. Let q be 0/((-2 + 3)/r). Let g be -2 + (21/3 - q). What is the highest common factor of 5 and g?
5
Suppose 5*m + 24 = 8*m. Calculate the greatest common divisor of m and 16.
8
Let t(x) = -2*x**2 - 1 + 0*x**3 + 0 + 4*x**3 - x. Let u be t(2). Let z = -21 - -35. Calculate the greatest common factor of z and u.
7
Let i = -85 + 94. Calculate the highest common divisor of 18 and i.
9
Let r(v) = v**3 + 9*v**2 + v + 11. Let z be r(-9). Suppose -2*c + 442 = 3*c - z*p, -2*p - 90 = -c. What is the greatest common factor of 11 and c?
11
Suppose -u - 5 = -2*y - 17, y = -u - 3. Let l be 176 - (-1)/(u/8). What is the highest common factor of 30 and l?
30
Let t = -53 + 77. What is the highest common divisor of 3 and t?
3
Let c = 5 + -9. Let x be 2 + c*9/(-2). Calculate the highest common factor of x and 8.
4
Suppose -u = 4*u - 90. Suppose 6*l - l = 45. What is the highest common divisor of u and l?
9
Suppose 0 = -5*l + 6*l - 72. What is the greatest common divisor of l and 180?
36
Let h(s) = s**2 - 8*s - 54. Let m be h(13). Calculate the highest common factor of m and 44.
11
Let w(h) = -11*h + 7. Let f be w(-7). Calculate the greatest common divisor of 21 and f.
21
Suppose -5*t - 18 = -o, -3*o - t + 16 + 6 = 0. Calculate the greatest common divisor of o and 24.
8
Let x be (2/6 + 40/(-12))/1. Suppose 2*v = 3*v + 4. Let o = x - v. Calculate the greatest common divisor of o and 11.
1
Let z(v) = v**3 - 3*v**2 - 2. Let r be z(4). Let q = r - 8. What is the greatest common factor of 30 and q?
6
Suppose -y - 2*z = 9 - 22, -25 = -5*z. Let x = y + 22. Calculate the greatest common divisor of 5 and x.
5
Suppose 3*b - 3 = 3. Suppose 0 = 5*r - 0*r. Suppose r = 4*z - 4*u - 480, -b*z + u + 360 = z. What is the greatest common divisor of z and 15?
15
Let i be 2/1*(4 + 16). What is the highest common factor of 20 and i?
20
Suppose -2*q - 5*j + 31 = 0, 38 = 2*q + 2*q + 2*j. What is the highest common factor of 88 and q?
8
Suppose a - 374 - 682 = 0. Suppose 5*g - a = g. What is the greatest common factor of g and 24?
24
Let r be (-12)/(-8)*2/1. Let f be (-2 - (-3 - -2)) + 25. Calculate the highest common factor of f and r.
3
Let z be -2 + 79 + 0 + 3. What is the greatest common divisor of z and 16?
16
Let n be (-140)/6*(-2 - 6/15). What is the greatest common factor of 28 and n?
28
Let x(q) = 2*q - 6. Let l be 10*(-2 + (-24)/(-10)). Let z be x(l). Let u be ((-16)/2)/(z/(-5)). Calculate the highest common factor of 220 and u.
20
Let l(w) = w**3 + 7*w**2 + 6*w. Let y be (-376)/72 + 4/18. Let x be l(y). What is the highest common factor of 10 and x?
10
Let d(r) = -10*r - 36. Let n be d(-5). Calculate the highest common divisor of 42 and n.
14
Suppose 4*n - 59 + 11 = 0. Calculate the greatest common factor of 48 and n.
12
Suppose 3*w - 7 = 8. Suppose -157 = -w*h - 472. Let c be (-2)/8 - h/12. What is the greatest common divisor of c and 25?
5
Let f be (-448)/42*66/(-8). What is the greatest common factor of 11 and f?
11
Let r = 4 - -9. Suppose 3*i = -4*t + 19, -2*t - 33 = -3*i + 16. Calculate the highest common factor of r and i.
13
Suppose 0*q + 155 = 5*q. Calculate the greatest common divisor of q and 31.
31
Let f be 2/(-14) - (-5652)/21. Let y = -179 - -308. Let p = f - y. Calculate the highest common factor of 20 and p.
20
Suppose -2*x + 8 = 0, 6*f - 5*x + 5 = f. Let l(c) = 2*c**2 - 3. Let o be l(3). What is the greatest common factor of f and o?
3
Let b be (4/3)/(4/90). What is the highest common divisor of 15 and b?
15
Suppose -4*j - 96 = 128. Let m = -28 - j. Calculate the greatest common factor of m and 7.
7
Let p(h) = h**2 + 2*h + 34. Let i be p(9). What is the highest common divisor of 19 and i?
19
Suppose 6*m + 4 = -5*g + 3*m, 2*g - 3*m - 11 = 0. Let i be 50/4 - g/2. Suppose -4*q = -707 + 179. Calculate the greatest common factor of q and i.
12
Let i = 396 - 263. Calculate the greatest common divisor of 19 and i.
19
Let v(m) = -m**2 - 8*m + 1. Let j be v(-7). What is the greatest common divisor of j and 36?
4
Suppose 3*l = -5*i + 26 + 16, -5*i - 3 = -2*l. What is the highest common factor of 63 and l?
9
Let f = -6 - -9. Suppose -f*d = -q - 25, 2*q + 21 - 52 = -3*d. What is the highest common divisor of 9 and d?
9
Let y = 10 + -10. Suppose 0*c - 3*c - 3 = y. Let p be (9 + c)/(3/9). Calculate the greatest common divisor of p and 6.
6
Let y(r) = -3*r - 7. Let v be y(-3). Let f(u) = -3*u - 1. Let w be f(-1). What is the highest common factor of w and v?
2
Suppose 224 + 176 = 5*y. Calculate the highest common divisor of y and 16.
16
Let p be 1 + (3 - 6) - -27. Let n = 22 - -3. What is the highest common factor of n and p?
25
Let r(q) = -q**2 + 11*q - 8. Let k = -14 - -23. Let v be r(k). Let c be ((-32)/v)/(1/(-5)). What is the greatest common factor of 144 and c?
16
Let f be 8/(-7)*1/(-2)*7. What is the greatest common factor of 12 and f?
4
Suppose -146 = -4*i - 34. Calculate the greatest common factor of 7 and i.
7
Let x be (-3 - -1 - -6) + -1. Let j be (-5)/15 - (-56)/6. Calculate the highest common divisor of x and j.
3
Let m(b) = b**3 + 8*b*